{"id":175,"date":"2017-08-16T12:39:47","date_gmt":"2017-08-16T10:39:47","guid":{"rendered":"https:\/\/livingroomartists.com\/?page_id=175"},"modified":"2019-02-18T18:53:51","modified_gmt":"2019-02-18T17:53:51","slug":"ensemble-widerhall","status":"publish","type":"page","link":"https:\/\/livingroomartists.com\/en\/ensemble-widerhall\/","title":{"rendered":"Schwingt sich empor der Widerhall"},"content":{"rendered":"<p><\/p>\n<p class=\"p2\"><b><i><span class=\"Apple-converted-space\"><img loading=\"lazy\" decoding=\"async\" class=\"alignnone wp-image-248\" src=\"https:\/\/livingroomartists.com\/wordpress\/wp-content\/uploads\/17ftze73.bmp\" alt=\"\" width=\"400\" height=\"400\" \/><\/span><\/i><\/b><i><\/i><\/p>\n<p>&nbsp;<\/p>\n<h4><strong>Programm:<\/strong><\/h4>\n<p><strong>W.A. Mozart<\/strong> &#8211;<\/p>\n<p>Ausgew\u00e4hlte Lieder<\/p>\n<p><strong>Louis Spohr<\/strong> &#8211;<\/p>\n<p>Sechs Deutsche Lieder Opus 103<\/p>\n<p><strong>Balduin Sulzer<\/strong> &#8211;<\/p>\n<p>4 Lieder nach Texten von Friederike Mayr\u00f6cker f\u00fcr hohe Singstimme und Klavier Op. 208\/ 243<\/p>\n<p><em>\u201eMit Fingerspitzen r\u00fchre ich deine Seele an<\/em>.\u201c<\/p>\n<p>5 Lieder nach Texten von Rose Ausl\u00e4nder f\u00fcr Sopran und Klarinette.<\/p>\n<p><strong>Robert Schumann<\/strong> &#8211;<\/p>\n<p>Fantasie St\u00fccke f\u00fcr Klarinette und Klavier Opus 73<\/p>\n<p><strong>Franz Schubert <\/strong>&#8211;<\/p>\n<p>\u201eDer Hirt auf dem Felsen\u201c f\u00fcr Gesangstimme, Klarinette und Klavier D. 965<\/p>\n<p>&nbsp;<\/p>\n<p><strong>Elisabeth Breuer<\/strong><\/p>\n<p><img loading=\"lazy\" decoding=\"async\" class=\"alignnone wp-image-194\" src=\"https:\/\/livingroomartists.com\/wordpress\/wp-content\/uploads\/ElisabethBreuer\u00a9piaclodi_21-Kopie-small-e1502988967941.jpg\" alt=\"\" width=\"200\" height=\"270\" \/><\/p>\n<p>Die junge Sopranistin erhielt ihre Ausbildung an der Grazer Kunstuniversit\u00e4t bei Elisabeth Batrice.<\/p>\n<p>In der j\u00fcngsten Vergangenheit war sie am Teatro Lirico di Cagliari zu erleben, gefolgt von ihren Debuts am Teatro di San Carlo in Neapel, an der Oper K\u00f6ln oder am Teatro Regio di Torino. Zahlreiche Konzerte f\u00fchrten die S\u00e4ngerin unter anderem in das Gewandhaus Leipzig, in die Philharmonie am Gasteig oder in das Linzer Brucknerhaus.<\/p>\n<p>Von 2009 bis 2016 war Elisabeth Breuer Ensemblemitglied am Linzer Landestheater, wo sie sich ein gro\u00dfes Repertoire in Oper und Operette erarbeiten konnte. Zu ihren wichtigsten Partien in Linz z\u00e4hlen Gretel, Norina, Despina, Constance (Dialogues des Carm\u00e9lites), Anne Frank (Das Tagebuch der Anne Frank) oder Adele. Als vielseitige Konzerts\u00e4ngerin trat sie bisher mit Orchestern wie dem Gewandhausorchester Leipzig, dem MDR Sinfonieorchester, dem Concentus Musicus Wien, dem Bruckner Orchester Linz, den M\u00fcnchner Symphonikern oder dem L&#8217;Orfeo Barockorchester in Erscheinung.<\/p>\n<p>H\u00f6hepunkte der Saison 2017\/18 sind Auftritte mit der NDR Radiophilharmonie, der S\u00e4chsischen Staatskapelle Dresden, dem Gewandhausorchester Leipzig oder dem MDR Sinfonieorchester.<\/p>\n<p class=\"p8\">Mehr \u00fcber Elisabeth Breuer k\u00f6nnen Sie unter <a href=\"http:\/\/www.elisabethbreuer.com\"><u>www.elisabethbreuer.com<\/u><\/a> erfahren.<\/p>\n<p>&nbsp;<\/p>\n<p><strong>Herbert Hackl<\/strong><\/p>\n<p><img loading=\"lazy\" decoding=\"async\" class=\"alignnone wp-image-195\" src=\"https:\/\/my-cdn.at\/kA.Rx-0.8.Ea1nAa-uGberO3uQwc1p4M9ihTUZsyE4f\" alt=\"\" width=\"200\" height=\"272\" \/><\/p>\n<p>Der junge \u00f6sterreichische Klarinettist erhielt seine Ausbildung an der Anton Bruckner Privatuniversit\u00e4t Linz bei Prof. Gernot Fresacher und an der Kunstuniversit\u00e4t Graz bei Prof. Gerald Pachinger. Weitere wichtige Impulse erhielt er bei Prof. Helmut H\u00f6dl, Prof. Sabine Meyer und Prof. Reiner Wehle.<\/p>\n<p class=\"p10\">Seit 2012 ist er Soloklarinettist des Gustav Mahler Jugendorchesters und seit der Saison 2013 Klarinettist im Bruckner Orchester Linz.\u00a0Als Mitglied des Mahler Jugendensembles und des Ketos Quintett trat Herbert Hackl in Portugal, Spanien, Italien und \u00d6sterreich auf.<\/p>\n<p>&nbsp;<\/p>\n<p class=\"p10\"><strong>Daniel Linton-France<\/strong><\/p>\n<p><img loading=\"lazy\" decoding=\"async\" class=\"alignnone wp-image-128\" src=\"https:\/\/my-cdn.at\/FBNgjBWhr3lj531.Anz0fXg0Hx8Ib6G5KZ5v.cM8gkx\" alt=\"\" width=\"250\" height=\"227\" \/><\/p>\n<p>Der in Sidney, Australien geborene Dirigent und Pianist war von 2009 bis 2017 als Kapellmeister am Linzer Landestheater t\u00e4tig. An diesem Haus dirigierte er eine gro\u00dfe Anzahl an Auff\u00fchrungen in den Sparten Oper, Operette und Ballett. Zudem stand er auch in Konzerten regelm\u00e4\u00dfig am Pult des Bruckner Orchesters Linz.<\/p>\n<p>Seine Dirigierausbildung erhielt er bei Dennis Russel Davies und Jorge Rotter an der Universit\u00e4t Mozarteum Salzburg. Au\u00dferdem absolvierte er ein Konzertfachstudium Klavier bei Christoph Lieske, abgerundet durch wertvolle Anregungen von Hartmut H\u00f6ll.<\/p>\n<p class=\"p12\">Als k\u00fcnstlerischer und musikalischer Assistent wirkte Daniel Linton-France bei verschiedenen namhaften Festivals mit. So etwa in Wagners Ring des Nibelungen bei den Bayreuther Festspielen unter Kirill Petrenko oder den Salzburger Festspielen\u00a0 an der Seite von Hans Graf in Mozarts Entf\u00fchrung aus dem Serail.<\/p>\n<p class=\"p12\"><span class=\"s2\">Mehr \u00fcber Daniel Linton-France k\u00f6nnen Sie unter <\/span><a href=\"http:\/\/www.daniellinton-france.com\"><span class=\"s3\">www.daniellinton-france.com <\/span><\/a><span class=\"s2\">erfahren.<\/span><\/p>\n<p><\/p>","protected":false},"excerpt":{"rendered":"<p>&nbsp; Programm: W.A. Mozart &#8211; Ausgew\u00e4hlte Lieder Louis Spohr &#8211; Sechs Deutsche Lieder Opus 103 Balduin Sulzer &#8211; 4 Lieder nach Texten von Friederike Mayr\u00f6cker f\u00fcr hohe Singstimme und Klavier &#8230;<\/p>\n","protected":false},"author":1,"featured_media":0,"parent":0,"menu_order":0,"comment_status":"closed","ping_status":"closed","template":"","meta":{"footnotes":""},"class_list":["post-175","page","type-page","status-publish","hentry"],"yoast_head":"<!-- This site is optimized with the Yoast SEO plugin v27.5 - https:\/\/yoast.com\/product\/yoast-seo-wordpress\/ -->\n<title>Schwingt sich empor der Widerhall - Living Room Artists<\/title>\n<meta name=\"robots\" content=\"index, follow, max-snippet:-1, max-image-preview:large, max-video-preview:-1\" \/>\n<link rel=\"canonical\" href=\"https:\/\/livingroomartists.com\/ensemble-widerhall\/\" \/>\n<meta property=\"og:locale\" content=\"en_US\" \/>\n<meta property=\"og:type\" content=\"article\" \/>\n<meta property=\"og:title\" content=\"Schwingt sich empor der Widerhall - Living Room Artists\" \/>\n<meta property=\"og:description\" content=\"&nbsp; Programm: W.A. Mozart &#8211; Ausgew\u00e4hlte Lieder Louis Spohr &#8211; Sechs Deutsche Lieder Opus 103 Balduin Sulzer &#8211; 4 Lieder nach Texten von Friederike Mayr\u00f6cker f\u00fcr hohe Singstimme und Klavier ...\" \/>\n<meta property=\"og:url\" content=\"https:\/\/livingroomartists.com\/ensemble-widerhall\/\" \/>\n<meta property=\"og:site_name\" content=\"Living Room Artists\" \/>\n<meta property=\"article:modified_time\" content=\"2019-02-18T17:53:51+00:00\" \/>\n<meta property=\"og:image\" content=\"https:\/\/livingroomartists.com\/wordpress\/wp-content\/uploads\/17ftze73.bmp\" \/>\n<meta name=\"twitter:card\" content=\"summary_large_image\" \/>\n<meta name=\"twitter:label1\" content=\"Est. reading time\" \/>\n\t<meta name=\"twitter:data1\" content=\"6 minutes\" \/>\n<script type=\"application\/ld+json\" class=\"yoast-schema-graph\">{\"@context\":\"https:\\\/\\\/schema.org\",\"@graph\":[{\"@type\":\"WebPage\",\"@id\":\"https:\\\/\\\/livingroomartists.com\\\/ensemble-widerhall\\\/\",\"url\":\"https:\\\/\\\/livingroomartists.com\\\/ensemble-widerhall\\\/\",\"name\":\"Schwingt sich empor der Widerhall - Living Room Artists\",\"isPartOf\":{\"@id\":\"https:\\\/\\\/livingroomartists.com\\\/#website\"},\"primaryImageOfPage\":{\"@id\":\"https:\\\/\\\/livingroomartists.com\\\/ensemble-widerhall\\\/#primaryimage\"},\"image\":{\"@id\":\"https:\\\/\\\/livingroomartists.com\\\/ensemble-widerhall\\\/#primaryimage\"},\"thumbnailUrl\":\"https:\\\/\\\/livingroomartists.com\\\/wordpress\\\/wp-content\\\/uploads\\\/17ftze73.bmp\",\"datePublished\":\"2017-08-16T10:39:47+00:00\",\"dateModified\":\"2019-02-18T17:53:51+00:00\",\"breadcrumb\":{\"@id\":\"https:\\\/\\\/livingroomartists.com\\\/ensemble-widerhall\\\/#breadcrumb\"},\"inLanguage\":\"en-US\",\"potentialAction\":[{\"@type\":\"ReadAction\",\"target\":[\"https:\\\/\\\/livingroomartists.com\\\/ensemble-widerhall\\\/\"]}]},{\"@type\":\"ImageObject\",\"inLanguage\":\"en-US\",\"@id\":\"https:\\\/\\\/livingroomartists.com\\\/ensemble-widerhall\\\/#primaryimage\",\"url\":\"https:\\\/\\\/livingroomartists.com\\\/wordpress\\\/wp-content\\\/uploads\\\/17ftze73.bmp\",\"contentUrl\":\"https:\\\/\\\/livingroomartists.com\\\/wordpress\\\/wp-content\\\/uploads\\\/17ftze73.bmp\"},{\"@type\":\"BreadcrumbList\",\"@id\":\"https:\\\/\\\/livingroomartists.com\\\/ensemble-widerhall\\\/#breadcrumb\",\"itemListElement\":[{\"@type\":\"ListItem\",\"position\":1,\"name\":\"Startseite\",\"item\":\"https:\\\/\\\/livingroomartists.com\\\/\"},{\"@type\":\"ListItem\",\"position\":2,\"name\":\"Ensemble Widerhall\"}]},{\"@type\":\"WebSite\",\"@id\":\"https:\\\/\\\/livingroomartists.com\\\/#website\",\"url\":\"https:\\\/\\\/livingroomartists.com\\\/\",\"name\":\"Living Room Artists\",\"description\":\"creators, performers, audiences\",\"potentialAction\":[{\"@type\":\"SearchAction\",\"target\":{\"@type\":\"EntryPoint\",\"urlTemplate\":\"https:\\\/\\\/livingroomartists.com\\\/?s={search_term_string}\"},\"query-input\":{\"@type\":\"PropertyValueSpecification\",\"valueRequired\":true,\"valueName\":\"search_term_string\"}}],\"inLanguage\":\"en-US\"}]}<\/script>\n<!-- \/ Yoast SEO plugin. -->","yoast_head_json":{"title":"Schwingt sich empor der Widerhall - Living Room Artists","robots":{"index":"index","follow":"follow","max-snippet":"max-snippet:-1","max-image-preview":"max-image-preview:large","max-video-preview":"max-video-preview:-1"},"canonical":"https:\/\/livingroomartists.com\/ensemble-widerhall\/","og_locale":"en_US","og_type":"article","og_title":"Schwingt sich empor der Widerhall - Living Room Artists","og_description":"&nbsp; Programm: W.A. Mozart &#8211; Ausgew\u00e4hlte Lieder Louis Spohr &#8211; Sechs Deutsche Lieder Opus 103 Balduin Sulzer &#8211; 4 Lieder nach Texten von Friederike Mayr\u00f6cker f\u00fcr hohe Singstimme und Klavier ...","og_url":"https:\/\/livingroomartists.com\/ensemble-widerhall\/","og_site_name":"Living Room Artists","article_modified_time":"2019-02-18T17:53:51+00:00","og_image":[{"url":"https:\/\/livingroomartists.com\/wordpress\/wp-content\/uploads\/17ftze73.bmp","type":"","width":"","height":""}],"twitter_card":"summary_large_image","twitter_misc":{"Est. reading time":"6 minutes"},"schema":{"@context":"https:\/\/schema.org","@graph":[{"@type":"WebPage","@id":"https:\/\/livingroomartists.com\/ensemble-widerhall\/","url":"https:\/\/livingroomartists.com\/ensemble-widerhall\/","name":"Schwingt sich empor der Widerhall - Living Room Artists","isPartOf":{"@id":"https:\/\/livingroomartists.com\/#website"},"primaryImageOfPage":{"@id":"https:\/\/livingroomartists.com\/ensemble-widerhall\/#primaryimage"},"image":{"@id":"https:\/\/livingroomartists.com\/ensemble-widerhall\/#primaryimage"},"thumbnailUrl":"https:\/\/livingroomartists.com\/wordpress\/wp-content\/uploads\/17ftze73.bmp","datePublished":"2017-08-16T10:39:47+00:00","dateModified":"2019-02-18T17:53:51+00:00","breadcrumb":{"@id":"https:\/\/livingroomartists.com\/ensemble-widerhall\/#breadcrumb"},"inLanguage":"en-US","potentialAction":[{"@type":"ReadAction","target":["https:\/\/livingroomartists.com\/ensemble-widerhall\/"]}]},{"@type":"ImageObject","inLanguage":"en-US","@id":"https:\/\/livingroomartists.com\/ensemble-widerhall\/#primaryimage","url":"https:\/\/livingroomartists.com\/wordpress\/wp-content\/uploads\/17ftze73.bmp","contentUrl":"https:\/\/livingroomartists.com\/wordpress\/wp-content\/uploads\/17ftze73.bmp"},{"@type":"BreadcrumbList","@id":"https:\/\/livingroomartists.com\/ensemble-widerhall\/#breadcrumb","itemListElement":[{"@type":"ListItem","position":1,"name":"Startseite","item":"https:\/\/livingroomartists.com\/"},{"@type":"ListItem","position":2,"name":"Ensemble Widerhall"}]},{"@type":"WebSite","@id":"https:\/\/livingroomartists.com\/#website","url":"https:\/\/livingroomartists.com\/","name":"Living Room Artists","description":"creators, performers, audiences","potentialAction":[{"@type":"SearchAction","target":{"@type":"EntryPoint","urlTemplate":"https:\/\/livingroomartists.com\/?s={search_term_string}"},"query-input":{"@type":"PropertyValueSpecification","valueRequired":true,"valueName":"search_term_string"}}],"inLanguage":"en-US"}]}},"_links":{"self":[{"href":"https:\/\/livingroomartists.com\/en\/wp-json\/wp\/v2\/pages\/175","targetHints":{"allow":["GET"]}}],"collection":[{"href":"https:\/\/livingroomartists.com\/en\/wp-json\/wp\/v2\/pages"}],"about":[{"href":"https:\/\/livingroomartists.com\/en\/wp-json\/wp\/v2\/types\/page"}],"author":[{"embeddable":true,"href":"https:\/\/livingroomartists.com\/en\/wp-json\/wp\/v2\/users\/1"}],"replies":[{"embeddable":true,"href":"https:\/\/livingroomartists.com\/en\/wp-json\/wp\/v2\/comments?post=175"}],"version-history":[{"count":22,"href":"https:\/\/livingroomartists.com\/en\/wp-json\/wp\/v2\/pages\/175\/revisions"}],"predecessor-version":[{"id":685,"href":"https:\/\/livingroomartists.com\/en\/wp-json\/wp\/v2\/pages\/175\/revisions\/685"}],"wp:attachment":[{"href":"https:\/\/livingroomartists.com\/en\/wp-json\/wp\/v2\/media?parent=175"}],"curies":[{"name":"wp","href":"https:\/\/api.w.org\/{rel}","templated":true}]}}

<p></p>
<p class="p2"><b><i><span class="Apple-converted-space"><img loading="lazy" decoding="async" class="alignnone wp-image-248" src="https://livingroomartists.com/wordpress/wp-content/uploads/17ftze73.bmp" alt="" width="400" height="400" /></span></i></b><i></i></p>
<p>&nbsp;</p>
<h4><strong>Programm:</strong></h4>
<p><strong>W.A. Mozart</strong> &#8211;</p>
<p>Ausgewählte Lieder</p>
<p><strong>Louis Spohr</strong> &#8211;</p>
<p>Sechs Deutsche Lieder Opus 103</p>
<p><strong>Balduin Sulzer</strong> &#8211;</p>
<p>4 Lieder nach Texten von Friederike Mayröcker für hohe Singstimme und Klavier Op. 208/ 243</p>
<p><em>„Mit Fingerspitzen rühre ich deine Seele an</em>.“</p>
<p>5 Lieder nach Texten von Rose Ausländer für Sopran und Klarinette.</p>
<p><strong>Robert Schumann</strong> &#8211;</p>
<p>Fantasie Stücke für Klarinette und Klavier Opus 73</p>
<p><strong>Franz Schubert </strong>&#8211;</p>
<p>„Der Hirt auf dem Felsen“ für Gesangstimme, Klarinette und Klavier D. 965</p>
<p>&nbsp;</p>
<p><strong>Elisabeth Breuer</strong></p>
<p><img loading="lazy" decoding="async" class="alignnone wp-image-194" src="https://livingroomartists.com/wordpress/wp-content/uploads/ElisabethBreuer©piaclodi_21-Kopie-small-e1502988967941.jpg" alt="" width="200" height="270" /></p>
<p>Die junge Sopranistin erhielt ihre Ausbildung an der Grazer Kunstuniversität bei Elisabeth Batrice.</p>
<p>In der jüngsten Vergangenheit war sie am Teatro Lirico di Cagliari zu erleben, gefolgt von ihren Debuts am Teatro di San Carlo in Neapel, an der Oper Köln oder am Teatro Regio di Torino. Zahlreiche Konzerte führten die Sängerin unter anderem in das Gewandhaus Leipzig, in die Philharmonie am Gasteig oder in das Linzer Brucknerhaus.</p>
<p>Von 2009 bis 2016 war Elisabeth Breuer Ensemblemitglied am Linzer Landestheater, wo sie sich ein großes Repertoire in Oper und Operette erarbeiten konnte. Zu ihren wichtigsten Partien in Linz zählen Gretel, Norina, Despina, Constance (Dialogues des Carmélites), Anne Frank (Das Tagebuch der Anne Frank) oder Adele. Als vielseitige Konzertsängerin trat sie bisher mit Orchestern wie dem Gewandhausorchester Leipzig, dem MDR Sinfonieorchester, dem Concentus Musicus Wien, dem Bruckner Orchester Linz, den Münchner Symphonikern oder dem L&#8217;Orfeo Barockorchester in Erscheinung.</p>
<p>Höhepunkte der Saison 2017/18 sind Auftritte mit der NDR Radiophilharmonie, der Sächsischen Staatskapelle Dresden, dem Gewandhausorchester Leipzig oder dem MDR Sinfonieorchester.</p>
<p class="p8">Mehr über Elisabeth Breuer können Sie unter <a href="http://www.elisabethbreuer.com"><u>www.elisabethbreuer.com</u></a> erfahren.</p>
<p>&nbsp;</p>
<p><strong>Herbert Hackl</strong></p>
<p><img loading="lazy" decoding="async" class="alignnone wp-image-195" src="https://my-cdn.at/kA.Rx-0.8.Ea1nAa-uGberO3uQwc1p4M9ihTUZsyE4f" alt="" width="200" height="272" /></p>
<p>Der junge österreichische Klarinettist erhielt seine Ausbildung an der Anton Bruckner Privatuniversität Linz bei Prof. Gernot Fresacher und an der Kunstuniversität Graz bei Prof. Gerald Pachinger. Weitere wichtige Impulse erhielt er bei Prof. Helmut Hödl, Prof. Sabine Meyer und Prof. Reiner Wehle.</p>
<p class="p10">Seit 2012 ist er Soloklarinettist des Gustav Mahler Jugendorchesters und seit der Saison 2013 Klarinettist im Bruckner Orchester Linz. Als Mitglied des Mahler Jugendensembles und des Ketos Quintett trat Herbert Hackl in Portugal, Spanien, Italien und Österreich auf.</p>
<p>&nbsp;</p>
<p class="p10"><strong>Daniel Linton-France</strong></p>
<p><img loading="lazy" decoding="async" class="alignnone wp-image-128" src="https://my-cdn.at/FBNgjBWhr3lj531.Anz0fXg0Hx8Ib6G5KZ5v.cM8gkx" alt="" width="250" height="227" /></p>
<p>Der in Sidney, Australien geborene Dirigent und Pianist war von 2009 bis 2017 als Kapellmeister am Linzer Landestheater tätig. An diesem Haus dirigierte er eine große Anzahl an Aufführungen in den Sparten Oper, Operette und Ballett. Zudem stand er auch in Konzerten regelmäßig am Pult des Bruckner Orchesters Linz.</p>
<p>Seine Dirigierausbildung erhielt er bei Dennis Russel Davies und Jorge Rotter an der Universität Mozarteum Salzburg. Außerdem absolvierte er ein Konzertfachstudium Klavier bei Christoph Lieske, abgerundet durch wertvolle Anregungen von Hartmut Höll.</p>
<p class="p12">Als künstlerischer und musikalischer Assistent wirkte Daniel Linton-France bei verschiedenen namhaften Festivals mit. So etwa in Wagners Ring des Nibelungen bei den Bayreuther Festspielen unter Kirill Petrenko oder den Salzburger Festspielen  an der Seite von Hans Graf in Mozarts Entführung aus dem Serail.</p>
<p class="p12"><span class="s2">Mehr über Daniel Linton-France können Sie unter </span><a href="http://www.daniellinton-france.com"><span class="s3">www.daniellinton-france.com </span></a><span class="s2">erfahren.</span></p>
<p></p>

<p>&nbsp; Programm: W.A. Mozart &#8211; Ausgewählte Lieder Louis Spohr &#8211; Sechs Deutsche Lieder Opus 103 Balduin Sulzer &#8211; 4 Lieder nach Texten von Friederike Mayröcker für hohe Singstimme und Klavier &#8230;</p>

<!-- This site is optimized with the Yoast SEO plugin v27.5 - https://yoast.com/product/yoast-seo-wordpress/ -->
<title>Schwingt sich empor der Widerhall - Living Room Artists</title>
<meta name="robots" content="index, follow, max-snippet:-1, max-image-preview:large, max-video-preview:-1" />
<link rel="canonical" href="https://livingroomartists.com/ensemble-widerhall/" />
<meta property="og:locale" content="en_US" />
<meta property="og:type" content="article" />
<meta property="og:title" content="Schwingt sich empor der Widerhall - Living Room Artists" />
<meta property="og:description" content="&nbsp; Programm: W.A. Mozart &#8211; Ausgewählte Lieder Louis Spohr &#8211; Sechs Deutsche Lieder Opus 103 Balduin Sulzer &#8211; 4 Lieder nach Texten von Friederike Mayröcker für hohe Singstimme und Klavier ..." />
<meta property="og:url" content="https://livingroomartists.com/ensemble-widerhall/" />
<meta property="og:site_name" content="Living Room Artists" />
<meta property="article:modified_time" content="2019-02-18T17:53:51+00:00" />
<meta property="og:image" content="https://livingroomartists.com/wordpress/wp-content/uploads/17ftze73.bmp" />
<meta name="twitter:card" content="summary_large_image" />
<meta name="twitter:label1" content="Est. reading time" />
	<meta name="twitter:data1" content="6 minutes" />
<script type="application/ld+json" class="yoast-schema-graph">{"@context":"https:\/\/schema.org","@graph":[{"@type":"WebPage","@id":"https:\/\/livingroomartists.com\/ensemble-widerhall\/","url":"https:\/\/livingroomartists.com\/ensemble-widerhall\/","name":"Schwingt sich empor der Widerhall - Living Room Artists","isPartOf":{"@id":"https:\/\/livingroomartists.com\/#website"},"primaryImageOfPage":{"@id":"https:\/\/livingroomartists.com\/ensemble-widerhall\/#primaryimage"},"image":{"@id":"https:\/\/livingroomartists.com\/ensemble-widerhall\/#primaryimage"},"thumbnailUrl":"https:\/\/livingroomartists.com\/wordpress\/wp-content\/uploads\/17ftze73.bmp","datePublished":"2017-08-16T10:39:47+00:00","dateModified":"2019-02-18T17:53:51+00:00","breadcrumb":{"@id":"https:\/\/livingroomartists.com\/ensemble-widerhall\/#breadcrumb"},"inLanguage":"en-US","potentialAction":[{"@type":"ReadAction","target":["https:\/\/livingroomartists.com\/ensemble-widerhall\/"]}]},{"@type":"ImageObject","inLanguage":"en-US","@id":"https:\/\/livingroomartists.com\/ensemble-widerhall\/#primaryimage","url":"https:\/\/livingroomartists.com\/wordpress\/wp-content\/uploads\/17ftze73.bmp","contentUrl":"https:\/\/livingroomartists.com\/wordpress\/wp-content\/uploads\/17ftze73.bmp"},{"@type":"BreadcrumbList","@id":"https:\/\/livingroomartists.com\/ensemble-widerhall\/#breadcrumb","itemListElement":[{"@type":"ListItem","position":1,"name":"Startseite","item":"https:\/\/livingroomartists.com\/"},{"@type":"ListItem","position":2,"name":"Ensemble Widerhall"}]},{"@type":"WebSite","@id":"https:\/\/livingroomartists.com\/#website","url":"https:\/\/livingroomartists.com\/","name":"Living Room Artists","description":"creators, performers, audiences","potentialAction":[{"@type":"SearchAction","target":{"@type":"EntryPoint","urlTemplate":"https:\/\/livingroomartists.com\/?s={search_term_string}"},"query-input":{"@type":"PropertyValueSpecification","valueRequired":true,"valueName":"search_term_string"}}],"inLanguage":"en-US"}]}</script>
<!-- / Yoast SEO plugin. -->

&nbsp; Programm: W.A. Mozart &#8211; Ausgewählte Lieder Louis Spohr &#8211; Sechs Deutsche Lieder Opus 103 Balduin Sulzer &#8211; 4 Lieder nach Texten von Friederike Mayröcker für hohe Singstimme und Klavier ...
